z) = z. Let y = -60 - -62. Let q(s) = y*k(s) + d(s). Calculate q(f).
-1
Let x(b) = -24*b - 195. Let y(w) = 3*w. Let j(d) = 3*x(d) - 9*y(d). Determine j(-6).
9
Let q(v) = -3 + 0 - 3 + 1 + 6 - v + 7. Suppose -2*s = -2*i - 6, -i - 21 = -4*i - 3*s. Suppose 2*t + i*c = -2*t + 26, -c = -3*t + 27. Calculate q(t).
0
Let f(g) be the first derivative of 1/3*g**3 + 4 - 27/4*g**4 - g + 0*g**2. What is f(-1)?
27
Suppose -10 = -t - 15. Let f(z) = 3*z - 2. Suppose 14 = -3*q - 3*o + 2, 0 = -5*q - 3*o - 16. Let w(m) = -8*m + 5. Let s(d) = q*w(d) + t*f(d). Give s(-1).
-1
Let o(b) = -b - 2. Let q(a) = -a**2 - 27*a - 46. Let k be q(-21). Let h = k - 74. Give o(h).
-8
Suppose -2*b + 4*w - w = 1, 5*w = 3*b + 3. Suppose -15 = -b*d + 7*d. Let g(n) = n**3 + 5*n**2 - 2. Give g(d).
-2
Let z(y) = y**2 + 19*y - 37. Let l be 7/(42/15*10/8). Calculate z(l).
5
Let i be ((-6)/4)/(7/(-14)). Suppose i*f + f = -4. Let d(r) = 9*r + 13*r - 34*r + 24*r**2 + 1 + 6*r + 8*r. Calculate d(f).
23
Let k(g) = g**3 - 3*g**2 + 28*g - 240. Let i be k(6). Let v(a) = a**2 - 35*a - 55. What is v(i)?
-19
Let y(s) = 4*s - 1. Let k(f) be the second derivative of 0 + 1/6*f**3 - 3*f**2 + 36*f. Let j be k(5). What is y(j)?
-5
Let d(w) = -w**3 + 5*w**2 + 7*w + 2. Suppose l - 11 = j, 0 = -3*l + 5*j - 4*j + 23. Suppose -15*s + l*s = -54. Give d(s).
8
Let i(o) = 19*o**2 - 18*o - 21. Let a(x) = -11*x**2 + 10*x + 12. Let y(r) = -5*a(r) - 3*i(r). Let j be (-8)/(-1 + 4 + -5). Determine y(j).
-13
Let t(y) = -96*y + 3. Suppose -42*h - 643 + 685 = 0. Determine t(h).
-93
Let g(m) be the first derivative of 2*m**2 - 52*m + 2904. Determine g(14).
4
Let q(k) = 4*k + 7. Suppose 5*d = -70 - 305. Let a be (-1)/((-5)/d*-3). Suppose 3*o = v - 19, a*o - 2*v + 27 = -6. Calculate q(o).
-13
Let x(p) = -10*p**2 - 6*p - 3. Suppose -7*c - 26 + 10 = 9*c. Calculate x(c).
-7
Let x(g) = -2*g**3 + 28*g**2 + 49*g + 248. Let s be x(16). Let v(w) = w**2 - 2*w + 11. Calculate v(s).
59
Let t(h) = -30*h + 1. Let v = 125 - 112. Suppose -v = -9*j - 4. Calculate t(j).
-29
Let b(f) = 17*f + 92. Let m(s) = 21*s + 107. Let q(w) = 5*b(w) - 4*m(w). Give q(-26).
6
Let c(o) = 40*o**2. Let q(s) = 161*s**2 - 14*s + 48. Let j(g) = -4*c(g) + q(g). Determine j(15).
63
Let o(d) = -5*d**2 + 3*d - 6. Suppose 3*y + 29 = 4*f + 5, -3 = 3*y + 3*f. Let i(t) = -t + 1. Let u(s) = y*i(s) - o(s). Calculate u(-2).
20
Let p(h) be the third derivative of -h**6/20 + 7*h**4/24 + 3*h**3/2 - 968*h**2. Determine p(-2).
43
Let p(r) be the first derivative of -2*r**3/3 - 23*r**2/2 - 24*r - 751. Suppose 12 = 2*k - 3*k - 2*n, 0 = 5*k - n + 49. Calculate p(k).
6
Let k(o) = o**2 + 9*o - 11. Suppose -2*r - 4*z = -16, 9*z = -r + 6*z + 12. Suppose r = -15*v + 26*v + 132. What is k(v)?
25
Suppose -366*p = -182*p - 183*p - 14. Let y(g) = g**3 - 16*g**2 + 29*g - 9. Determine y(p).
5
Let f(c) = -5*c - 27. Let s(j) = -j**3 - 7*j**2 - 68*j - 483. Let h be s(-7). What is f(h)?
8
Let r(d) = d**2 + 8*d + 11. Let x be r(-6). Let p(f) = -f**2 - f. Let j(y) = 8*y - 11. Let s(v) = x*j(v) - p(v). Determine s(5).
1
Let b(p) = 5*p**2 + p - 13. Let l = 5392 + -5392. Determine b(l).
-13
Suppose 12*x = 6*x + 156. Suppose -21*t = -x*t + 20. Let z(h) = 101*h**2 - 100*h**2 + 0 - t*h + 0. Determine z(3).
-3
Suppose -20*n - 4118 = 9*n. Let k be (-2 + 150)*(-1 + 2). Let l = n + k. Let o(p) = p**3 - 6*p**2 - p + 5. Give o(l).
-1
Let h be ((-24)/(-28))/(3/(-21)). Let a be 30/8*h*2/(-9). Suppose 3*j + 4 = -a. Let p(l) = -l**3 - 2*l**2 - 2. What is p(j)?
7
Let m(j) = 13*j**2 + 1. Suppose 0 = -4*p + 10 + 2. Suppose -p*w = -6*w. Suppose -f + 16 - 15 = w. What is m(f)?
14
Suppose 56*z + 184 = -96. Let w(c) = 18*c - 46. Calculate w(z).
-136
Let n(l) = 8*l**3 - l**2 - 3*l - 2. Let m be 1*(-5)/1 + 9. Let b be n(m). Let r(h) = 2*h**2 - 242 - 9*h - 245 + b. Calculate r(7).
30
Let q(g) be the first derivative of 32*g**4 + 3*g**3 - 5*g**2/2 + 4*g - 45. Let m(h) = -32*h**3 - 2*h**2 + h - 1. Let u(x) = 9*m(x) + 2*q(x). Calculate u(-1).
32
Let p(b) = -53*b + 54*b - 17 - b**3 + 24. Calculate p(0).
7
Let k(p) be the third derivative of 7*p**4/24 - 22*p**3/3 + 2*p**2 - 1107*p. What is k(15)?
61
Suppose 1226 = 492*v - 250. Let j(z) = 9*z - 13. Let s(r) = 19*r - 27. Let w(a) = -13*j(a) + 6*s(a). Calculate w(v).
-2
Let h(j) = 5*j**2 - 6*j + 12. Let x(p) = 6*p - 2*p**2 - 2*p**2 + 0*p + 5 - 17. Let b(m) = -5*h(m) - 6*x(m). Give b(-9).
-15
Let h(k) = 545*k - 4899. Let s be h(9). Let o(b) = 2*b**2 - 5*b + 9. Calculate o(s).
51
Suppose 109*a - 113*a - 3*o + 36 = 0, 4*o = -a + 35. Let w(h) = 4*h**3 - 2*h**2 - h - 3. Give w(a).
84
Suppose -3*m = 4*p + 11, 3*p - 13 = 5*m + 15. Let r be p/((-16)/(-12) + -1). Let z(b) = -r + 3*b - 7*b**2 + b**3 + 3*b - 4. Give z(6).
-7
Let g(l) = -8*l + 3. Suppose 0 = 5*i - 40, -4*o - 3*i + 119 = 91. What is g(o)?
-5
Let j(r) be the first derivative of -r**2/2 + r - 103. Let a(c) = -c**2 + 12*c - 10. Let v(f) = a(f) + 5*j(f). What is v(3)?
7
Let s = 22 - 15. Let l(k) = -s - k + 15*k - 11*k + 0. What is l(-5)?
-22
Let y(z) = -z**3 + 12*z**2 + 15*z - 21. Let b be y(13). Suppose 0 = -b*g - 1480 + 3920. Let v(c) = g + 16*c - 488. Give v(1).
16
Suppose -2*s = 4*m - 52, 0 = -s - m + 2*m + 23. Let j(c) = -5*c + s*c + 164 - 163. Give j(-1).
-18
Suppose 3 = y - k + 2, -2*k = -5*y + 5. Let w be y - -1*(0 - -6). Suppose -w = -2*q + m, 37 = 3*q + 4*m - 1. Let t(d) = d**2 - 5*d - 5. Determine t(q).
1
Let y be (4 + 2)*(-6)/(-4). Let b(c) = -1 + y*c**3 + c**2 - 3*c**2 + 2. Let z(x) = 5814*x - 5813. Let m be z(1). Determine b(m).
8
Suppose 11 - 17 = -3*j. Suppose z + 3*z - 2 = 5*r, -z - 4*r + 11 = 0. Let v(b) = -4*b - 8 + b**j - b**z + b + b + 3*b. Calculate v(0).
-8
Suppose 5*i - 5*f + 0 - 5 = 0, -5*f = 0. Let y(c) = 19*c - 19 - 11 - 16 + 45. Calculate y(i).
18
Suppose -15 = -2*t - t. Let k(g) be the third derivative of -1/120*g**6 + 1/8*g**4 - 8 - 2*g**2 + 1/15*g**5 + 0*g - 5/6*g**3. Determine k(t).
-15
Let z(u) = u**3 - 12*u**2 - 45*u - 6. Let f be 3084/204 - (-8)/(-6)*69/782. Determine z(f).
-6
Let q(n) = -2*n**2 + 3*n + 1. Let g(j) = -j**2 + 2*j + 1. Let d(x) = -7*g(x) + 3*q(x). Let z(f) = 25*f**2. Let t be z(1). Suppose k - t = -4*k. Calculate d(k).
-4
Let u(x) = -x**3 + 22*x**2 - 41*x - 9. Suppose 5*y + m - 100 = 0, 0 = -182*m + 180*m. What is u(y)?
-29
Suppose 3*l - 27*g = -31*g - 46, -l = -2*g - 8. Let k(i) = -i**2 - 2*i + 17. Determine k(l).
-7
Let p(b) = b**2 + 5. Let h be (30/(-8))/(-1 + 244/256). Suppose -4*u + h = -24*u. Give p(u).
21
Suppose -2*u = -u - z - 4, -2*z + 4 = 2*u. Suppose -33 = u*d + 6. Let v(k) = -k**3 - 13*k**2 + k + 19. Give v(d).
6
Let t(w) be the first derivative of -w**2 - 23*w + 2408. Let z(c) = 3*c + 4. Let j be z(-5). What is t(j)?
-1
Suppose d = 4*c - 47, -3*c + c + 3*d = -11. Let j be (4/(-12))/(((-39)/36)/c). Let r(s) = -9*s + 6. What is r(j)?
-30
Let f be 14/4*(-30)/(-35). Let x(u) = 71*u**3 - u + 2 + 79*u**f - 149*u**3 - 8*u**2. Calculate x(8).
-6
Suppose d - 2 = 5*n - 10, -5*d - 2 = -6*n. Let y be (-10 - 0)/(2/(-4)). Suppose -6 = -2*t + 2*s, 0 = n*s - 7*s - y. Let i(r) = 4*r - 1. Calculate i(t).
-5
Let l = 78 - 22. Let y = l + -49. Let a(m) = -m**3 + 7*m**2 - m + 4. Let c be a(y). Let b(i) = 2*i**2 + 2*i + 4. Calculate b(c).
16
Let o(m) = -m**3 + 11*m**2 + m + 2. Let k be o(0). Let a(t) be the third derivative of t**5/60 + t**4/24 + t**2 + 55*t. Determine a(k).
6
Let j(x) = -21*x - 11. Suppose 15*o = 57*o + 42. Determine j(o).
10
Let z(m) = -2*m**3 + 2*m**2 + 16*m - 16. Let b be z(-3). Let u(s) = -6*s**2 + 52*s - 35. What is u(b)?
-3
Suppose 348 - 322 = 2*x + 5*f, -13 = -3*x - f. Let b(n) = n**2 + 5*n - 15. Determine b(x).
9
Suppose 0 + 1 = s. Let f(q) = 19. Let h(r) = 12. Let d(u) = 5*f(u) - 8*h(u). Let j(g) = -g**3 + 2*g**2 - 6. Let i(n) = -5*d(n) + j(n). Determine i(s).
0
Let z(f) be the third derivative of f**5/60 - 47*f**3/6 + 3*f**2 + 199. Determine z(0).
-47
Let r(p) = 3*p**3 + 12*p**2 - 2*p + 30. Let a(n) = -n**3 - 6*n**2 + 2*n - 15. Let x(b) = -5*a(b) - 2*r(b). What is x(5)?
10
Let g(i) be the second derivative of -i**5/20 - i**4/2 - i**3 + 3*i**2/2 - 73*i + 1. Let u be g(-3). Let v(t) = t**3 + 6*t**2 + 3*t + 2. What is v(u)?
-16
Let b(r) = 2 + 3*r**2 - 4*r - r**2 - 3*r**2. Let z = -263942 - -263935. Calculate b(z).
-19
Let q(z) = z**3 - 7*z**2 - 7*z + 12. Suppose -